073?
7
What is the tens digit of 187?
8
What is the hundreds digit of 1764?
7
What is the units digit of 12976?
6
What is the tens digit of 681?
8
What is the ten thousands digit of 29886?
2
What is the units digit of 2491?
1
What is the thousands digit of 2209?
2
What is the ten thousands digit of 12458?
1
What is the thousands digit of 30478?
0
What is the thousands digit of 1511?
1
What is the units digit of 19039?
9
What is the tens digit of 62966?
6
What is the units digit of 89646?
6
What is the ten thousands digit of 13575?
1
What is the units digit of 1583?
3
What is the hundreds digit of 1433?
4
What is the hundreds digit of 97300?
3
What is the thousands digit of 4627?
4
What is the tens digit of 1109?
0
What is the tens digit of 16517?
1
What is the hundreds digit of 2630?
6
What is the units digit of 1472?
2
What is the tens digit of 6073?
7
What is the units digit of 12624?
4
What is the tens digit of 93663?
6
What is the hundreds digit of 71677?
6
What is the hundreds digit of 42838?
8
What is the tens digit of 3039?
3
What is the units digit of 4022?
2
What is the units digit of 53879?
9
What is the tens digit of 158094?
9
What is the units digit of 880?
0
What is the units digit of 970?
0
What is the hundreds digit of 83227?
2
What is the tens digit of 63052?
5
What is the tens digit of 3508?
0
What is the thousands digit of 2041?
2
What is the units digit of 22474?
4
What is the ten thousands digit of 16937?
1
What is the units digit of 640?
0
What is the units digit of 34?
4
What is the tens digit of 56047?
4
What is the thousands digit of 1317?
1
What is the tens digit of 342?
4
What is the units digit of 1048?
8
What is the hundreds digit of 35546?
5
What is the tens digit of 1458?
5
What is the hundreds digit of 587?
5
What is the tens digit of 888?
8
What is the tens digit of 371?
7
What is the ten thousands digit of 24721?
2
What is the tens digit of 31576?
7
What is the hundreds digit of 973?
9
What is the hundreds digit of 3549?
5
What is the tens digit of 7525?
2
What is the tens digit of 1281?
8
What is the thousands digit of 63638?
3
What is the thousands digit of 1383?
1
What is the tens digit of 30728?
2
What is the units digit of 11365?
5
What is the tens digit of 1951?
5
What is the thousands digit of 43180?
3
What is the tens digit of 280?
8
What is the thousands digit of 9600?
9
What is the units digit of 1952?
2
What is the tens digit of 858?
5
What is the hundreds digit of 3269?
2
What is the thousands digit of 2008?
2
What is the hundreds digit of 6303?
3
What is the units digit of 2092?
2
What is the ten thousands digit of 14779?
1
What is the hundreds digit of 2067?
0
What is the units digit of 23720?
0
What is the thousands digit of 1239?
1
What is the hundred thousands digit of 116827?
1
What is the ten thousands digit of 72155?
7
What is the tens digit of 5085?
8
What is the tens digit of 8508?
0
What is the thousands digit of 2943?
2
What is the units digit of 1257?
7
What is the tens digit of 1706?
0
What is the thousands digit of 4833?
4
What is the hundreds digit of 2058?
0
What is the units digit of 25009?
9
What is the units digit of 1042?
2
What is the tens digit of 113?
1
What is the tens digit of 713?
1
What is the thousands digit of 24886?
4
What is the units digit of 653?
3
What is the ten thousands digit of 14055?
1
What is the hundreds digit of 25210?
2
What is the units digit of 559?
9
What is the hundreds digit of 57592?
5
What is the tens digit of 1842?
4
What is the units digit of 2292?
2
What is the hundreds digit of 4430?
4
What is the tens digit of 3399?
9
What is the ten thousands digit of 16863?
1
What is the hundreds digit of 89972?
9
What is the units digit of 1511?
1
What is the ten thousands digit of 29083?
2
What is the hundreds digit of 3102?
1
What is the units digit of 1839?
9
What is the hundreds digit of 738?
7
What is the tens digit of 114337?
3
What is the thousands digit of 1306?
1
What is the units digit of 3087?
7
What is the hundreds digit of 3200?
2
What is the thousands digit of 88274?
8
What is the hundreds digit of 6845?
8
What is the units digit of 2036?
6
What is the tens digit of 1706?
0
What is the hundreds digit of 415?
4
What is the thousands digit of 23157?
3
What is the thousands digit of 16039?
6
What is the ten thousands digit of 19060?
1
What is the thousands digit of 49825?
9
What is the units digit of 43658?
8
What is the hundreds digit of 5216?
2
What is the hundreds digit of 7956?
9
What is the units digit of 1191?
1
What is the thousands digit of 3129?
3
What is the units digit of 90?
0
What is the thousands digit of 1128?
1
What is the ten thousands digit of 24302?
2
What is the units digit of 8880?
0
What is the hundreds digit of 51492?
4
What is the thousands digit of 27583?
7
What is the units digit of 85312?
2
What is the tens digit of 26762?
6
What is the hundreds digit of 437?
4
What is the thousands digit of 60083?
0
What is the tens digit of 25095?
9
What is the units digit of 4844?
4
What is the tens digit of 2487?
8
What is the hundreds digit of 16540?
5
What is the hundreds digit of 3692?
6
What is the hundreds digit of 63437?
4
What is the tens digit of 634?
3
What is the tens digit of 29919?
1
What is the thousands digit of 1797?
1
What is the units digit of 1617?
7
What is the tens digit of 1814?
1
What is the tens digit of 1086?
8
What is the units digit of 4680?
0
What is the tens digit of 16606?
0
What is the hundreds digit of 872?
8
What is the thousands digit of 50887?
0
What is the thousands digit of 28712?
8
What is the tens digit of 2005?
0
What is the units digit of 5668?
8
What is the thousands digit of 3074?
3
What is the hundreds digit of 8604?
6
What is the units digit of 33183?
3
What is the tens digit of 12432?
3
What is the tens digit of 5880?
8
What is the tens digit of 4797?
9
What is the hundreds digit of 278?
2
What is the units digit of 14084?
4
What is the tens digit of 1924?
2
What is the hundreds digit of 1133?
1
What is the tens digit of 9858?
5
What is the hundreds digit of 1778?
7
What is the units digit of 1024?
4
What is the hundreds digit of 13290?
2
What is the ten thousands digit of 13242?
1
What is the tens digit of 804?
0
What is the ten thousands digit of 16575?
1
What is the thousands digit of 3846?
3
What is the tens digit of 3323?
2
What is the tens digit of 4557?
5
What is the tens digit of 1538?
3
What is the thousands digit of 1142?
1
What is the units digit of 5111?
1
What is the thousands digit of 1114?
1
What is the tens digit of 6854?
5
What is the units digit of 199?
9
What is the units digit of 1935?
5
What is the tens digit of 566?
6
What is the hundreds digit of 562?
5
What is the units digit of 707?
7
What is the thousands digit of 5785?
5
What is the ten thousands digit of 11681?
1
What is the thousands digit of 1562?
1
What is the units digit of 47499?
9
What is the thousands digit of 68839?
8
What is the thousands digit of 14890?
4
What is the hundreds digit of 794?
7
What is the units digit of 3905?
5
What is the ten thousands digit of 12069?
1
What is the thousands digit of 2228?
2
What is the ten thousands digit of 17026?
1
What is the ten thousands digit of 37728?
3
What is the tens digit of 5526?
2
What is the thousands digit of 1008?
1
What is the hundreds digit of 2140?
1
What is the hundreds digit of 49397?
3
What is the thousands digit of 1615?
1
What is the units digit of 6339?
9
What is the tens digit of 386?
8
What is the ten thousands digit of 35360?
3
What is the ten thousands digit of 43917?
4
What is the tens digit of 1437?
3
What is the hundreds digit of 6836?
8
What is the tens digit of 28025?
2
What is the units digit of 83157?
7
What is the hundreds digit of 1728?
7
What is the thousands digit of 2106?
2
What is the tens digit of 729?
2
What is the units digit of 969?
9
What is the tens digit of 33020?
2
What is the units digit of 1790?
0
What is the hundreds digit of 2437?
4
What is the thousands digit of 2793?
2
What is the thousands digit of 2863?
2
What is the hundreds digit of 1029?
0
What is the tens digit of 3100?
0
What is the units digit of 5243?
3
What is the thousands digit of 182092?
2
What is the units digit of 1390?
0
What is the ten thousa